e factors of 768501919.
149, 5157731
List the prime factors of 12031728.
2, 3, 367, 683
What are the prime factors of 3495187096?
2, 436898387
What are the prime factors of 91165367?
91165367
What are the prime factors of 127691195?
5, 389, 65651
What are the prime factors of 3129995?
5, 11, 56909
What are the prime factors of 443341773?
3, 7, 7037171
List the prime factors of 360615194.
2, 1459, 123583
List the prime factors of 374107048.
2, 7, 863, 7741
What are the prime factors of 35460243?
3, 7, 13, 29, 1493
List the prime factors of 223848051.
3, 7, 10659431
What are the prime factors of 3571038338?
2, 7, 359, 710513
List the prime factors of 13293263.
3527, 3769
List the prime factors of 820334399.
23, 67, 607, 877
What are the prime factors of 18973432?
2, 2371679
List the prime factors of 2140553.
257, 8329
List the prime factors of 1401618137.
23, 653, 93323
What are the prime factors of 11335414?
2, 1823, 3109
What are the prime factors of 16096855?
5, 3219371
What are the prime factors of 24605776?
2, 13, 118297
What are the prime factors of 708925248?
2, 3, 257, 4789
List the prime factors of 407847048.
2, 3, 7, 1097, 2213
What are the prime factors of 2157349444?
2, 47, 113, 173, 587
What are the prime factors of 531044294?
2, 11, 109, 221453
List the prime factors of 2267406086.
2, 11, 139, 741467
What are the prime factors of 524240851?
103, 577, 8821
What are the prime factors of 137170971?
3, 7, 103, 21139
List the prime factors of 91278318.
2, 3, 19, 800687
List the prime factors of 111513572.
2, 31, 373, 2411
List the prime factors of 240080667.
3, 3593, 22273
List the prime factors of 36540838.
2, 19, 961601
List the prime factors of 78279624.
2, 3, 83, 13099
List the prime factors of 7742748.
2, 3, 13, 49633
List the prime factors of 528795592.
2, 13, 227, 1723
List the prime factors of 453841218.
2, 3, 41, 68329
What are the prime factors of 182239847?
17, 293, 36587
What are the prime factors of 635231468?
2, 158807867
What are the prime factors of 172378569?
3, 11, 31, 167, 1009
List the prime factors of 379984594.
2, 11, 17272027
List the prime factors of 164743363.
43, 109, 35149
List the prime factors of 237613457.
11131, 21347
List the prime factors of 171803451.
3, 863, 66359
What are the prime factors of 27080700?
2, 3, 5, 19, 4751
What are the prime factors of 43246579?
179, 241601
List the prime factors of 21738418.
2, 13, 67, 12479
List the prime factors of 46291055.
5, 421, 21991
What are the prime factors of 2370648976?
2, 397, 373213
List the prime factors of 234345576.
2, 3, 9764399
List the prime factors of 123530403.
3, 251, 164051
What are the prime factors of 190218266?
2, 7, 1319, 10301
List the prime factors of 1118637620.
2, 5, 101, 401, 1381
List the prime factors of 4631388239.
4631388239
List the prime factors of 389885095.
5, 37, 229, 9203
What are the prime factors of 1094140370?
2, 5, 109414037
What are the prime factors of 368061704?
2, 1789, 25717
What are the prime factors of 751067155?
5, 557, 269683
List the prime factors of 17698715.
5, 3539743
What are the prime factors of 28071924?
2, 3, 2339327
List the prime factors of 111903444.
2, 3, 115127
List the prime factors of 221062504.
2, 13, 2125601
List the prime factors of 72913091.
72913091
What are the prime factors of 2344400534?
2, 7, 23, 7280747
List the prime factors of 742854629.
11, 4373, 15443
What are the prime factors of 142457729?
1451, 98179
What are the prime factors of 8506954896?
2, 3, 11, 2557, 6301
What are the prime factors of 158469691?
158469691
What are the prime factors of 555634639?
7, 3559, 22303
List the prime factors of 2010986507.
379, 5306033
What are the prime factors of 221372306?
2, 19, 277, 21031
List the prime factors of 2649375054.
2, 3, 47, 115987
List the prime factors of 19020426.
2, 3, 719, 4409
What are the prime factors of 393584050?
2, 5, 19, 23, 18013
What are the prime factors of 1160531510?
2, 5, 116053151
List the prime factors of 1051197500.
2, 5, 420479
What are the prime factors of 255711126?
2, 3, 11, 31, 124981
List the prime factors of 1572909833.
11, 142991803
List the prime factors of 438154722.
2, 3, 277, 87877
What are the prime factors of 115398655?
5, 23079731
What are the prime factors of 172761337?
7, 24680191
What are the prime factors of 127144114?
2, 151, 167, 2521
List the prime factors of 621140866.
2, 17, 18268849
What are the prime factors of 5001610320?
2, 3, 5, 7, 141769
What are the prime factors of 7815499027?
7, 1116499861
List the prime factors of 64091964.
2, 3, 1303, 4099
What are the prime factors of 3532539734?
2, 26881, 65707
List the prime factors of 3499638267.
3, 31, 2539, 14821
What are the prime factors of 1151720792?
2, 1861, 77359
List the prime factors of 2359466711.
7, 5641, 59753
List the prime factors of 608289349.
23, 26447363
What are the prime factors of 29570241?
3, 499, 19753
List the prime factors of 50996238.
2, 3, 79, 271, 397
What are the prime factors of 119824287?
3, 11, 3631039
What are the prime factors of 2276589525?
3, 5, 7, 47, 257, 359
What are the prime factors of 371522417?
7, 113, 469687
What are the prime factors of 9109954309?
9109954309
What are the prime factors of 738389720?
2, 5, 59, 5303
What are the prime factors of 75182712?
2, 3, 11, 284783
List the prime factors of 2016885359.
19, 29, 113, 1117
What are the prime factors of 2050651415?
5, 410130283
List the prime factors of 170869250.
2, 5, 683477
What are the prime factors of 787394718?
2, 3, 11, 29, 241, 569
What are the prime factors of 30136606?
2, 499, 30197
List the prime factors of 1468312343.
19, 77279597
What are the prime factors of 30773091?
3, 10257697
List the prime factors of 26720233.
31, 41, 21023
List the prime factors of 45604974.
2, 3, 7600829
List the prime factors of 116131706.
2, 59, 984167
List the prime factors of 31926736.
2, 1995421
List the prime factors of 14407171.
29, 37, 463
What are the prime factors of 110682781?
11, 139, 191, 379
List the prime factors of 1185649828.
2, 11, 26946587
What are the prime factors of 83958992?
2, 13, 403649
List the prime factors of 12921336.
2, 3, 163, 367
What are the prime factors of 356884795?
5, 37, 857, 2251
List the prime factors of 689114708.
2, 7949, 21673
List the prime factors of 38569494.
2, 3, 421, 15269
List the prime factors of 153532283.
153532283
List the prime factors of 27294401.
17, 1605553
List the prime factors of 2909131083.
3, 323236787
List the prime factors of 938415332.
2, 234603833
What are the prime factors of 46893050?
2, 5, 151, 6211
What are the prime factors of 34833768?
2, 3, 47, 30881
What are the prime factors of 918958164?
2, 3, 73, 1049039
What are the prime factors of 1219768888?
2, 13, 11728547
What are the prime factors of 341070587?
11, 13, 31, 47, 1637
What are the prime factors of 20855526?
2, 3, 23, 79, 1913
List the prime factors of 52322675.
5, 19, 59, 1867
What are the prime factors of 1144190466?
2, 3, 47, 73, 97, 191
List the prime factors of 1596127326.
2, 3, 266021221
List the prime factors of 1076294904.
2, 3, 787, 56983
List the prime factors of 24607428.
2, 3, 29, 31, 2281
List the prime factors of 98094280.
2, 5, 2452357
List the prime factors of 2918252665.
5, 617, 945949
List the prime factors of 268467429.
3, 89489143
List the prime factors of 220494282.
2, 3, 43, 854629
List the prime factors of 537394673.
5011, 107243
List the prime factors of 3424864699.
3424864699
What are the prime factors of 77101992?
2, 3, 11, 67, 1453
What are the prime factors of 561263981?
561263981
What are the prime factors of 75286478?
2, 59, 83, 7687
List the prime factors of 3959166046.
2, 11, 5231, 34403
What are the prime factors of 21439069?
43, 498583
List the prime factors of 341264094.
2, 3, 6089, 9341
What are the prime factors of 1704018?
2, 3, 284003
What are the prime factors of 55618515?
3, 5, 167, 2467
List the prime factors of 157836538.
2, 101, 781369
List the prime factors of 962666301.
3, 320888767
List the prime factors of 442886740.
2, 5, 263, 84199
List the prime factors of 519112502.
2, 259556251
What are the prime factors of 576519679?
19, 23, 31, 42557
What are the prime factors of 221165411?
103, 2147237
What are the prime factors of 5623114